{"id":2166,"date":"2026-04-17T09:08:03","date_gmt":"2026-04-17T07:08:03","guid":{"rendered":"https:\/\/zschorlau.help\/?page_id=2166"},"modified":"2026-04-17T21:16:07","modified_gmt":"2026-04-17T19:16:07","slug":"2166-2","status":"publish","type":"page","link":"https:\/\/zschorlau.help\/index.php\/2166-2\/","title":{"rendered":"Haus der Hoffnung"},"content":{"rendered":"<section class=\"l-section wpb_row height_medium\"><div class=\"l-section-h i-cf\"><div class=\"g-cols vc_row via_flex valign_top type_default stacking_default\"><div class=\"vc_col-sm-6 wpb_column vc_column_container\"><div class=\"vc_column-inner\"><div class=\"wpb_wrapper\"><div class=\"wpb_text_column\"><div class=\"wpb_wrapper\"><h2><span>Ein Haus der Hoffnung f\u00fcr eine Familie in Kenia<\/span><\/h2>\n<p class=\"isSelectedEnd\"><span>Die Notlage dieser mittellosen Familie hat uns dazu bewegt, ein Hausbauprojekt zu starten.<\/span><\/p>\n<p class=\"isSelectedEnd\"><span>F\u00fcr einige Zeit konnte die Familie \u2013 Eltern und vier S\u00f6hne \u2013 in einem Haus (siehe Bilder) wohnen. Nun muss sie dieses jedoch wegen Eigenbedarfs wieder verlassen.<\/span><\/p>\n<p class=\"isSelectedEnd\"><span>Die Familie verf\u00fcgt \u00fcber keinerlei finanzielle Mittel, um selbst ein Haus zu bauen oder eine Mietwohnung zu bezahlen. Der Vater arbeitet als G\u00e4rtner, doch sein Einkommen reicht gerade aus, um die Familie zu ern\u00e4hren.<\/span><\/p>\n<p class=\"isSelectedEnd\"><span>Besonders belastend ist die Situation, da einer der S\u00f6hne schwer krank ist und an einer Blutkrankheit leidet.<\/span><\/p>\n<p class=\"isSelectedEnd\"><span>Aus dieser schwierigen Lage heraus soll nun ein einfaches Haus mit zwei gro\u00dfen Zimmern entstehen \u2013 m\u00f6glichst noch vor Beginn der Regenzeit im Mai\/Juni.<\/span><\/p>\n<p class=\"isSelectedEnd\"><span>Wir m\u00f6chten dieser Familie ein Zeichen der Hoffnung schenken und ihnen eine bessere Zukunftsperspektive erm\u00f6glichen.<\/span><\/p>\n<p class=\"isSelectedEnd\"><span>Vor Ort wird das Projekt von unserem Manager Kim in Kenia betreut und kontrolliert.<\/span><\/p>\n<p><span>F\u00fcr das Dach sowie f\u00fcr T\u00fcren und Fenster werden noch dringend Spenden ben\u00f6tigt.<\/span><\/p>\n<\/div><\/div><\/div><\/div><\/div><div class=\"vc_col-sm-6 wpb_column vc_column_container\"><div class=\"vc_column-inner\"><div class=\"wpb_wrapper\"><div class=\"w-gallery fit_cover type_metro_1 ratio_1x1 count_5\" style=\"--columns:4;--items-gap:10px;\"><div class=\"w-gallery-list\"><div class=\"w-gallery-item\"><div class=\"w-gallery-item-img\"><img loading=\"lazy\" decoding=\"async\" width=\"1024\" height=\"576\" src=\"https:\/\/zschorlau.help\/wp-content\/uploads\/2026\/04\/Familie12-1024x576.jpeg\" class=\"attachment-large size-large\" alt=\"\" srcset=\"https:\/\/zschorlau.help\/wp-content\/uploads\/2026\/04\/Familie12-1024x576.jpeg 1024w, https:\/\/zschorlau.help\/wp-content\/uploads\/2026\/04\/Familie12-300x169.jpeg 300w, https:\/\/zschorlau.help\/wp-content\/uploads\/2026\/04\/Familie12-768x432.jpeg 768w, https:\/\/zschorlau.help\/wp-content\/uploads\/2026\/04\/Familie12.jpeg 1600w\" sizes=\"auto, (max-width: 1024px) 100vw, 1024px\" \/><\/div><\/div><div class=\"w-gallery-item\"><div class=\"w-gallery-item-img\"><img loading=\"lazy\" decoding=\"async\" width=\"1024\" height=\"1024\" src=\"https:\/\/zschorlau.help\/wp-content\/uploads\/2026\/03\/Familie6-1024x1024.jpeg\" class=\"attachment-large size-large\" alt=\"\" srcset=\"https:\/\/zschorlau.help\/wp-content\/uploads\/2026\/03\/Familie6-1024x1024.jpeg 1024w, https:\/\/zschorlau.help\/wp-content\/uploads\/2026\/03\/Familie6-300x300.jpeg 300w, https:\/\/zschorlau.help\/wp-content\/uploads\/2026\/03\/Familie6-150x150.jpeg 150w, https:\/\/zschorlau.help\/wp-content\/uploads\/2026\/03\/Familie6-350x350.jpeg 350w, https:\/\/zschorlau.help\/wp-content\/uploads\/2026\/03\/Familie6-600x600.jpeg 600w, https:\/\/zschorlau.help\/wp-content\/uploads\/2026\/03\/Familie6-768x768.jpeg 768w, https:\/\/zschorlau.help\/wp-content\/uploads\/2026\/03\/Familie6.jpeg 1600w\" sizes=\"auto, (max-width: 1024px) 100vw, 1024px\" \/><\/div><\/div><div class=\"w-gallery-item\"><div class=\"w-gallery-item-img\"><img loading=\"lazy\" decoding=\"async\" width=\"1024\" height=\"768\" src=\"https:\/\/zschorlau.help\/wp-content\/uploads\/2026\/03\/Familie4-1024x768.jpeg\" class=\"attachment-large size-large\" alt=\"\" srcset=\"https:\/\/zschorlau.help\/wp-content\/uploads\/2026\/03\/Familie4-1024x768.jpeg 1024w, https:\/\/zschorlau.help\/wp-content\/uploads\/2026\/03\/Familie4-300x225.jpeg 300w, https:\/\/zschorlau.help\/wp-content\/uploads\/2026\/03\/Familie4-768x576.jpeg 768w, https:\/\/zschorlau.help\/wp-content\/uploads\/2026\/03\/Familie4.jpeg 1600w\" sizes=\"auto, (max-width: 1024px) 100vw, 1024px\" \/><\/div><\/div><div class=\"w-gallery-item\"><div class=\"w-gallery-item-img\"><img loading=\"lazy\" decoding=\"async\" width=\"1024\" height=\"768\" src=\"https:\/\/zschorlau.help\/wp-content\/uploads\/2026\/03\/Familie3-1024x768.jpeg\" class=\"attachment-large size-large\" alt=\"\" srcset=\"https:\/\/zschorlau.help\/wp-content\/uploads\/2026\/03\/Familie3-1024x768.jpeg 1024w, https:\/\/zschorlau.help\/wp-content\/uploads\/2026\/03\/Familie3-300x225.jpeg 300w, https:\/\/zschorlau.help\/wp-content\/uploads\/2026\/03\/Familie3-768x576.jpeg 768w, https:\/\/zschorlau.help\/wp-content\/uploads\/2026\/03\/Familie3.jpeg 1600w\" sizes=\"auto, (max-width: 1024px) 100vw, 1024px\" \/><\/div><\/div><div class=\"w-gallery-item\"><div class=\"w-gallery-item-img\"><img loading=\"lazy\" decoding=\"async\" width=\"768\" height=\"1024\" src=\"https:\/\/zschorlau.help\/wp-content\/uploads\/2026\/03\/Familie2-768x1024.jpeg\" class=\"attachment-large size-large\" alt=\"\" srcset=\"https:\/\/zschorlau.help\/wp-content\/uploads\/2026\/03\/Familie2-768x1024.jpeg 768w, https:\/\/zschorlau.help\/wp-content\/uploads\/2026\/03\/Familie2-225x300.jpeg 225w, https:\/\/zschorlau.help\/wp-content\/uploads\/2026\/03\/Familie2.jpeg 1200w\" sizes=\"auto, (max-width: 768px) 100vw, 768px\" \/><\/div><\/div><\/div><\/div><\/div><\/div><\/div><\/div><\/div><\/section><section class=\"l-section wpb_row height_medium\"><div class=\"l-section-h i-cf\"><div class=\"g-cols vc_row via_flex valign_top type_default stacking_default\"><div class=\"vc_col-sm-12 wpb_column vc_column_container\"><div class=\"vc_column-inner\"><div class=\"wpb_wrapper\"><div class=\"w-btn-wrapper align_center\"><a class=\"w-btn us-btn-style_1\" href=\"https:\/\/www.paypal.com\/donate?hosted_button_id=PABR9Z4D8R4LG\"><span class=\"w-btn-label\">PayPal<\/span><\/a><\/div><div class=\"w-btn-wrapper align_center\"><a class=\"w-btn us-btn-style_1\" href=\"https:\/\/zschorlau.help\/index.php\/spende\/\"><span class=\"w-btn-label\">Spende per \u00dcberweisung<\/span><\/a><\/div><div class=\"w-separator size_medium with_line width_default thick_1 style_solid color_border align_center\"><div class=\"w-separator-h\"><\/div><\/div><div class=\"w-text us_custom_56681932 has_text_color\"><span class=\"w-text-h\"><span class=\"w-text-value\">Ihr werdet hier auf dem laufenden gehalten. Wir werden aktuelle Bilder des Hausbaus ver\u00f6ffentlichen so das man das Projekt sehr gut nachvollziehen kann.<\/span><\/span><\/div><\/div><\/div><\/div><\/div><\/div><\/section>\n","protected":false},"excerpt":{"rendered":"Ein Haus der Hoffnung f\u00fcr eine Familie in Kenia Die Notlage dieser mittellosen Familie hat uns dazu bewegt, ein Hausbauprojekt zu starten. F\u00fcr einige Zeit konnte die Familie \u2013 Eltern und vier S\u00f6hne \u2013 in einem Haus (siehe Bilder) wohnen. Nun muss sie dieses jedoch wegen Eigenbedarfs wieder verlassen. Die Familie verf\u00fcgt \u00fcber keinerlei finanzielle...","protected":false},"author":4,"featured_media":0,"parent":0,"menu_order":0,"comment_status":"closed","ping_status":"closed","template":"","meta":{"footnotes":""},"class_list":["post-2166","page","type-page","status-publish","hentry"],"_links":{"self":[{"href":"https:\/\/zschorlau.help\/index.php\/wp-json\/wp\/v2\/pages\/2166","targetHints":{"allow":["GET"]}}],"collection":[{"href":"https:\/\/zschorlau.help\/index.php\/wp-json\/wp\/v2\/pages"}],"about":[{"href":"https:\/\/zschorlau.help\/index.php\/wp-json\/wp\/v2\/types\/page"}],"author":[{"embeddable":true,"href":"https:\/\/zschorlau.help\/index.php\/wp-json\/wp\/v2\/users\/4"}],"replies":[{"embeddable":true,"href":"https:\/\/zschorlau.help\/index.php\/wp-json\/wp\/v2\/comments?post=2166"}],"version-history":[{"count":13,"href":"https:\/\/zschorlau.help\/index.php\/wp-json\/wp\/v2\/pages\/2166\/revisions"}],"predecessor-version":[{"id":2202,"href":"https:\/\/zschorlau.help\/index.php\/wp-json\/wp\/v2\/pages\/2166\/revisions\/2202"}],"wp:attachment":[{"href":"https:\/\/zschorlau.help\/index.php\/wp-json\/wp\/v2\/media?parent=2166"}],"curies":[{"name":"wp","href":"https:\/\/api.w.org\/{rel}","templated":true}]}}